ded by 211796.
28
Calculate the remainder when 4611489 is divided by 1235.
1234
What is the remainder when 1646255 is divided by 32925?
5
What is the remainder when 2773855265 is divided by 14?
13
Calculate the remainder when 76107 is divided by 34289.
7529
Calculate the remainder when 400010 is divided by 1039.
1034
Calculate the remainder when 3025556 is divided by 1512670.
216
What is the remainder when 832341 is divided by 745?
176
What is the remainder when 7127816 is divided by 191?
78
Calculate the remainder when 232309847 is divided by 20.
7
What is the remainder when 92963 is divided by 7739?
95
Calculate the remainder when 36431567 is divided by 144.
143
Calculate the remainder when 9337879 is divided by 1556313.
1
Calculate the remainder when 212794 is divided by 8077.
2792
Calculate the remainder when 17841741 is divided by 313013.
0
What is the remainder when 383824 is divided by 11282?
236
Calculate the remainder when 361965 is divided by 180980.
5
Calculate the remainder when 305839222 is divided by 9.
7
What is the remainder when 3061092 is divided by 3061079?
13
What is the remainder when 3393524 is divided by 1080?
164
What is the remainder when 4459436 is divided by 473?
465
What is the remainder when 12158112 is divided by 321?
237
Calculate the remainder when 1116113309 is divided by 379.
378
Calculate the remainder when 697229 is divided by 8014.
11
What is the remainder when 267745 is divided by 494?
491
What is the remainder when 205331 is divided by 8194?
481
Calculate the remainder when 1413156 is divided by 3893.
3890
Calculate the remainder when 12114323 is divided by 57.
56
Calculate the remainder when 5102 is divided by 1470.
692
What is the remainder when 3159950 is divided by 80?
30
What is the remainder when 20965 is divided by 4764?
1909
What is the remainder when 287398953 is divided by 1622?
17
What is the remainder when 503567 is divided by 38732?
51
Calculate the remainder when 15244482 is divided by 197.
31
Calculate the remainder when 2830785 is divided by 46.
37
Calculate the remainder when 198421436 is divided by 4839547.
9
Calculate the remainder when 473631 is divided by 78903.
213
Calculate the remainder when 531048 is divided by 2436.
0
What is the remainder when 32049171 is divided by 25?
21
Calculate the remainder when 30518325 is divided by 15259162.
1
What is the remainder when 1218416 is divided by 3905?
56
What is the remainder when 1064957 is divided by 5854?
5383
Calculate the remainder when 187418 is divided by 62408.
194
Calculate the remainder when 692613 is divided by 29883.
5304
Calculate the remainder when 114476 is divided by 33.
32
Calculate the remainder when 26289826 is divided by 92.
90
What is the remainder when 744428 is divided by 2413?
1224
What is the remainder when 1140959 is divided by 277?
273
Calculate the remainder when 82768 is divided by 2655.
463
What is the remainder when 45205 is divided by 5628?
181
Calculate the remainder when 2040066 is divided by 17727.
1461
Calculate the remainder when 46120 is divided by 2.
0
What is the remainder when 1463546 is divided by 731769?
8
Calculate the remainder when 20046 is divided by 3990.
96
What is the remainder when 54511868 is divided by 469?
467
What is the remainder when 1657576 is divided by 896?
872
What is the remainder when 1590305 is divided by 1791?
1688
Calculate the remainder when 133556 is divided by 7417.
50
Calculate the remainder when 107957 is divided by 107509.
448
What is the remainder when 2035325 is divided by 254414?
13
Calculate the remainder when 226391942 is divided by 184.
182
What is the remainder when 5134161 is divided by 28?
25
Calculate the remainder when 5668479 is divided by 472369.
51
Calculate the remainder when 1307001 is divided by 63.
3
What is the remainder when 4229 is divided by 4179?
50
What is the remainder when 36139992 is divided by 120?
72
What is the remainder when 895685 is divided by 223876?
181
What is the remainder when 49407249 is divided by 2675?
2674
Calculate the remainder when 295498 is divided by 3335.
2018
What is the remainder when 2434444 is divided by 42?
40
Calculate the remainder when 79675 is divided by 233.
222
What is the remainder when 9933 is divided by 9828?
105
Calculate the remainder when 7473 is divided by 6555.
918
What is the remainder when 379146 is divided by 4166?
40
What is the remainder when 52678 is divided by 51722?
956
What is the remainder when 3844482 is divided by 966?
768
Calculate the remainder when 217716895 is divided by 152.
151
What is the remainder when 13748 is divided by 3106?
1324
Calculate the remainder when 5109058 is divided by 189224.
10
What is the remainder when 3787386 is divided by 371?
218
Calculate the remainder when 8482581 is divided by 1696501.
76
Calculate the remainder when 2835429 is divided by 472430.
849
Calculate the remainder when 3932558 is divided by 983139.
2
What is the remainder when 529562 is divided by 620?
82
Calculate the remainder when 7799819 is divided by 11.
5
Calculate the remainder when 2153673 is divided by 3805.
43
Calculate the remainder when 68302698 is divided by 148162.
16
Calculate the remainder when 736735 is divided by 172.
59
What is the remainder when 238179 is divided by 1199?
777
What is the remainder when 91588225 is divided by 1083?
1081
What is the remainder when 1349557 is divided by 225?
7
What is the remainder when 668261 is divided by 768?
101
Calculate the remainder when 1363509 is divided by 43984.
5
What is the remainder when 1367067 is divided by 5918?
9
Calculate the remainder when 235070 is divided by 1588.
46
Calculate the remainder when 320325 is divided by 32.
5
Calculate the remainder when 187844 is divided by 1068.
944
Calculate the remainder when 2344795 is divided by 404.
383
Calculate the remainder when 70653855 is divided by 3952.
3951
What is the remainder when 54647 is divided by 48536?
6111
Calculate the remainder when 55537 is divided by 5198.
3557
Calculate the remainder when 10981589 is divided by 372.
149
What is the remainder when 49721 is divided by 49580?
141
Calculate the remainder when 1273434 is divided by 1156.
678
What is the remainder when 3173258 is divided by 167011?
49
Calculate the remainder when 315961 is divided by 78844.
585
What is the remainder when 3289016 is divided by 1643944?
1128
Calculate the remainder when 6636790 is divided by 16802.
0
Calculate the remainder when 14716 is divided by 2361.
550
Calculate the remainder when 48991 is divided by 335.
81
What is the remainder when 918102 is divided by 1033?
798
What is the remainder when 4389042 is divided by 2644?
2
What is the remainder when 52692716 is divided by 22?
10
Calculate the remainder when 2523281 is divided by 186.
5
What is the remainder when 216551 is divided by 92?
75
What is the remainder when 509512 is divided by 110?
102
Calculate the remainder when 32404642 is divided by 13.
10
Calculate the remainder when 21250143 is divided by 35.
33
What is the remainder when 1455594 is divided by 128?
106
What is the remainder when 915197 is divided by 748?
393
Calculate the remainder when 1136903 is divided by 712.
551
Calculate the remainder when 25727 is divided by 363.
317
Calculate the remainder when 159386 is divided by 1627.
1567
Calculate the remainder when 12337141 is divided by 2048.
2037
Calculate the remainder when 28875 is divided by 7155.
255
What is the remainder when 24824955 is divided by 13?
12
What is the remainder when 13845698 is divided by 3461419?
22
Calculate the remainder when 994546 is divided by 134.
132
Calculate the remainder when 187403 is divided by 359.
5
Calculate the remainder when 149690682 is divided by 26.
24
Calculate the remainder when 10425918 is divided by 1467.
1416
Calculate the remainder when 4132737 is divided by 1823.
1819
Calculate the remainder when 530424 is divided by 1860.
324
Calculate the remainder when 57288 is divided by 475.
288
What is the remainder when 322079441 is divided by 15?
11
Calculate the remainder when 2154431 is divided by 240.
191
What is the remainder when 586032 is divided by 195335?
27
Calculate the remainder when 11367508 is divided by 385.
383
Calculate the remainder when 29673481 is divided by 72023.